{"id":674,"date":"2024-08-14T20:49:50","date_gmt":"2024-08-14T23:49:50","guid":{"rendered":"https:\/\/www.alfaterm.com.br\/?post_type=pagina-interna&#038;p=674"},"modified":"2024-08-14T20:55:40","modified_gmt":"2024-08-14T23:55:40","slug":"montagem-e-instalacao","status":"publish","type":"pagina-interna","link":"https:\/\/www.alfaterm.com.br\/es\/aplicacoes-e-servicos\/montaje-e-instalacion\/","title":{"rendered":"El montaje y la instalaci\u00f3n de"},"content":{"rendered":"<p>El montaje y la instalaci\u00f3n de las torres de enfriamiento de agua que se llevan a cabo por un experimentado equipo de t\u00e9cnicos de la ALFATERM, que cuenta con toda la infraestructura necesaria para la ejecuci\u00f3n de los servicios, mediante el uso de gr\u00faas y andamios, cuando contratados, as\u00ed como el cuidado en el proceso de principio a fin.<\/p>\n\n\n\n<p>En Este servicio se incluye en la definici\u00f3n de un lugar ventilado, lejos de otros aparatos que produzcan un exceso de calor, incluyendo la elecci\u00f3n de una superficie plana y nivelada, para apoyar a la fuente de agua refrigerada, y llevando a cabo las conexiones hidr\u00e1ulicas del equipo, gracias a la alineaci\u00f3n de los tubos y las conexiones y las conexiones el\u00e9ctricas de los equipos de protecci\u00f3n del motor a trav\u00e9s de la adecuaci\u00f3n de la variaci\u00f3n de la tensi\u00f3n y de la frecuencia de acuerdo con la norma NBR 7094, adem\u00e1s de la puesta en marcha y supervisi\u00f3n del montaje y puesta en origen el funcionamiento y la operaci\u00f3n de manos libres.<\/p>\n\n\n\n<p>Algunos de los modelos de las torres que se env\u00edan de la f\u00e1brica, totalmente montados y sin la necesidad de la prestaci\u00f3n de servicios en el campo, es decir, es un plug-in el.<\/p>","protected":false},"featured_media":607,"parent":0,"template":"","meta":{"_acf_changed":false},"categoria-de-pagina":[9],"class_list":["post-674","pagina-interna","type-pagina-interna","status-publish","has-post-thumbnail","hentry","categoria-de-pagina-servicos"],"acf":[],"yoast_head":"<!-- This site is optimized with the Yoast SEO Premium plugin v23.4 (Yoast SEO v27.1.1) - https:\/\/yoast.com\/product\/yoast-seo-premium-wordpress\/ -->\n<title>Montagem e instala\u00e7\u00e3o - Bem-vindo \u00e0 ALFATERM<\/title>\n<meta name=\"robots\" content=\"index, follow, max-snippet:-1, max-image-preview:large, max-video-preview:-1\" \/>\n<link rel=\"canonical\" href=\"https:\/\/www.alfaterm.com.br\/es\/aplicacoes-e-servicos\/montaje-e-instalacion\/\" \/>\n<meta property=\"og:locale\" content=\"es_ES\" \/>\n<meta property=\"og:type\" content=\"article\" \/>\n<meta property=\"og:title\" content=\"Montagem e instala\u00e7\u00e3o\" \/>\n<meta property=\"og:description\" content=\"A montagem e instala\u00e7\u00e3o das torres de resfriamento de \u00e1gua s\u00e3o realizadas pela experiente equipe t\u00e9cnica da ALFATERM&nbsp;que disp\u00f5e de toda a infraestrutura necess\u00e1ria para a execu\u00e7\u00e3o dos servi\u00e7os, utilizando guindastes e andaimes quando contratados, e cuidando do processo de ponta a ponta. Este servi\u00e7o inclui a defini\u00e7\u00e3o de um local arejado, longe de outros [&hellip;]\" \/>\n<meta property=\"og:url\" content=\"https:\/\/www.alfaterm.com.br\/es\/aplicacoes-e-servicos\/montaje-e-instalacion\/\" \/>\n<meta property=\"og:site_name\" content=\"Bem-vindo \u00e0 ALFATERM\" \/>\n<meta property=\"article:modified_time\" content=\"2024-08-14T23:55:40+00:00\" \/>\n<meta property=\"og:image\" content=\"https:\/\/www.alfaterm.com.br\/wp-content\/uploads\/2024\/08\/montagem-e-instalacao-de-torres-de-resfriamento-de-agua.webp\" \/>\n\t<meta property=\"og:image:width\" content=\"1200\" \/>\n\t<meta property=\"og:image:height\" content=\"850\" \/>\n\t<meta property=\"og:image:type\" content=\"image\/webp\" \/>\n<meta name=\"twitter:card\" content=\"summary_large_image\" \/>\n<meta name=\"twitter:label1\" content=\"Tiempo de lectura\" \/>\n\t<meta name=\"twitter:data1\" content=\"1 minuto\" \/>\n<script type=\"application\/ld+json\" class=\"yoast-schema-graph\">{\"@context\":\"https:\/\/schema.org\",\"@graph\":[{\"@type\":\"WebPage\",\"@id\":\"https:\/\/www.alfaterm.com.br\/aplicacoes-e-servicos\/montagem-e-instalacao\/\",\"url\":\"https:\/\/www.alfaterm.com.br\/aplicacoes-e-servicos\/montagem-e-instalacao\/\",\"name\":\"Montagem e instala\u00e7\u00e3o - Bem-vindo \u00e0 ALFATERM\",\"isPartOf\":{\"@id\":\"https:\/\/www.alfaterm.com.br\/#website\"},\"primaryImageOfPage\":{\"@id\":\"https:\/\/www.alfaterm.com.br\/aplicacoes-e-servicos\/montagem-e-instalacao\/#primaryimage\"},\"image\":{\"@id\":\"https:\/\/www.alfaterm.com.br\/aplicacoes-e-servicos\/montagem-e-instalacao\/#primaryimage\"},\"thumbnailUrl\":\"https:\/\/www.alfaterm.com.br\/wp-content\/uploads\/2024\/08\/montagem-e-instalacao-de-torres-de-resfriamento-de-agua.webp\",\"datePublished\":\"2024-08-14T23:49:50+00:00\",\"dateModified\":\"2024-08-14T23:55:40+00:00\",\"breadcrumb\":{\"@id\":\"https:\/\/www.alfaterm.com.br\/aplicacoes-e-servicos\/montagem-e-instalacao\/#breadcrumb\"},\"inLanguage\":\"es\",\"potentialAction\":[{\"@type\":\"ReadAction\",\"target\":[\"https:\/\/www.alfaterm.com.br\/aplicacoes-e-servicos\/montagem-e-instalacao\/\"]}]},{\"@type\":\"ImageObject\",\"inLanguage\":\"es\",\"@id\":\"https:\/\/www.alfaterm.com.br\/aplicacoes-e-servicos\/montagem-e-instalacao\/#primaryimage\",\"url\":\"https:\/\/www.alfaterm.com.br\/wp-content\/uploads\/2024\/08\/montagem-e-instalacao-de-torres-de-resfriamento-de-agua.webp\",\"contentUrl\":\"https:\/\/www.alfaterm.com.br\/wp-content\/uploads\/2024\/08\/montagem-e-instalacao-de-torres-de-resfriamento-de-agua.webp\",\"width\":1200,\"height\":850},{\"@type\":\"BreadcrumbList\",\"@id\":\"https:\/\/www.alfaterm.com.br\/aplicacoes-e-servicos\/montagem-e-instalacao\/#breadcrumb\",\"itemListElement\":[{\"@type\":\"ListItem\",\"position\":1,\"name\":\"Home\",\"item\":\"https:\/\/www.alfaterm.com.br\/\"},{\"@type\":\"ListItem\",\"position\":2,\"name\":\"Montagem e instala\u00e7\u00e3o\"}]},{\"@type\":\"WebSite\",\"@id\":\"https:\/\/www.alfaterm.com.br\/#website\",\"url\":\"https:\/\/www.alfaterm.com.br\/\",\"name\":\"Bem-vindo \u00e0 ALFATERM\",\"description\":\"\",\"publisher\":{\"@id\":\"https:\/\/www.alfaterm.com.br\/#organization\"},\"potentialAction\":[{\"@type\":\"SearchAction\",\"target\":{\"@type\":\"EntryPoint\",\"urlTemplate\":\"https:\/\/www.alfaterm.com.br\/?s={search_term_string}\"},\"query-input\":{\"@type\":\"PropertyValueSpecification\",\"valueRequired\":true,\"valueName\":\"search_term_string\"}}],\"inLanguage\":\"es\"},{\"@type\":\"Organization\",\"@id\":\"https:\/\/www.alfaterm.com.br\/#organization\",\"name\":\"Bem-vindo \u00e0 ALFATERM\",\"url\":\"https:\/\/www.alfaterm.com.br\/\",\"logo\":{\"@type\":\"ImageObject\",\"inLanguage\":\"es\",\"@id\":\"https:\/\/www.alfaterm.com.br\/#\/schema\/logo\/image\/\",\"url\":\"https:\/\/www.alfaterm.com.br\/wp-content\/uploads\/2024\/07\/logo-alfaterm.png\",\"contentUrl\":\"https:\/\/www.alfaterm.com.br\/wp-content\/uploads\/2024\/07\/logo-alfaterm.png\",\"width\":393,\"height\":45,\"caption\":\"Bem-vindo \u00e0 ALFATERM\"},\"image\":{\"@id\":\"https:\/\/www.alfaterm.com.br\/#\/schema\/logo\/image\/\"}}]}<\/script>\n<!-- \/ Yoast SEO Premium plugin. -->","yoast_head_json":{"title":"Montagem e instala\u00e7\u00e3o - Bem-vindo \u00e0 ALFATERM","robots":{"index":"index","follow":"follow","max-snippet":"max-snippet:-1","max-image-preview":"max-image-preview:large","max-video-preview":"max-video-preview:-1"},"canonical":"https:\/\/www.alfaterm.com.br\/es\/aplicacoes-e-servicos\/montaje-e-instalacion\/","og_locale":"es_ES","og_type":"article","og_title":"Montagem e instala\u00e7\u00e3o","og_description":"A montagem e instala\u00e7\u00e3o das torres de resfriamento de \u00e1gua s\u00e3o realizadas pela experiente equipe t\u00e9cnica da ALFATERM&nbsp;que disp\u00f5e de toda a infraestrutura necess\u00e1ria para a execu\u00e7\u00e3o dos servi\u00e7os, utilizando guindastes e andaimes quando contratados, e cuidando do processo de ponta a ponta. Este servi\u00e7o inclui a defini\u00e7\u00e3o de um local arejado, longe de outros [&hellip;]","og_url":"https:\/\/www.alfaterm.com.br\/es\/aplicacoes-e-servicos\/montaje-e-instalacion\/","og_site_name":"Bem-vindo \u00e0 ALFATERM","article_modified_time":"2024-08-14T23:55:40+00:00","og_image":[{"width":1200,"height":850,"url":"https:\/\/www.alfaterm.com.br\/wp-content\/uploads\/2024\/08\/montagem-e-instalacao-de-torres-de-resfriamento-de-agua.webp","type":"image\/webp"}],"twitter_card":"summary_large_image","twitter_misc":{"Tiempo de lectura":"1 minuto"},"schema":{"@context":"https:\/\/schema.org","@graph":[{"@type":"WebPage","@id":"https:\/\/www.alfaterm.com.br\/aplicacoes-e-servicos\/montagem-e-instalacao\/","url":"https:\/\/www.alfaterm.com.br\/aplicacoes-e-servicos\/montagem-e-instalacao\/","name":"Montagem e instala\u00e7\u00e3o - Bem-vindo \u00e0 ALFATERM","isPartOf":{"@id":"https:\/\/www.alfaterm.com.br\/#website"},"primaryImageOfPage":{"@id":"https:\/\/www.alfaterm.com.br\/aplicacoes-e-servicos\/montagem-e-instalacao\/#primaryimage"},"image":{"@id":"https:\/\/www.alfaterm.com.br\/aplicacoes-e-servicos\/montagem-e-instalacao\/#primaryimage"},"thumbnailUrl":"https:\/\/www.alfaterm.com.br\/wp-content\/uploads\/2024\/08\/montagem-e-instalacao-de-torres-de-resfriamento-de-agua.webp","datePublished":"2024-08-14T23:49:50+00:00","dateModified":"2024-08-14T23:55:40+00:00","breadcrumb":{"@id":"https:\/\/www.alfaterm.com.br\/aplicacoes-e-servicos\/montagem-e-instalacao\/#breadcrumb"},"inLanguage":"es","potentialAction":[{"@type":"ReadAction","target":["https:\/\/www.alfaterm.com.br\/aplicacoes-e-servicos\/montagem-e-instalacao\/"]}]},{"@type":"ImageObject","inLanguage":"es","@id":"https:\/\/www.alfaterm.com.br\/aplicacoes-e-servicos\/montagem-e-instalacao\/#primaryimage","url":"https:\/\/www.alfaterm.com.br\/wp-content\/uploads\/2024\/08\/montagem-e-instalacao-de-torres-de-resfriamento-de-agua.webp","contentUrl":"https:\/\/www.alfaterm.com.br\/wp-content\/uploads\/2024\/08\/montagem-e-instalacao-de-torres-de-resfriamento-de-agua.webp","width":1200,"height":850},{"@type":"BreadcrumbList","@id":"https:\/\/www.alfaterm.com.br\/aplicacoes-e-servicos\/montagem-e-instalacao\/#breadcrumb","itemListElement":[{"@type":"ListItem","position":1,"name":"Home","item":"https:\/\/www.alfaterm.com.br\/"},{"@type":"ListItem","position":2,"name":"Montagem e instala\u00e7\u00e3o"}]},{"@type":"WebSite","@id":"https:\/\/www.alfaterm.com.br\/#website","url":"https:\/\/www.alfaterm.com.br\/","name":"Bem-vindo \u00e0 ALFATERM","description":"","publisher":{"@id":"https:\/\/www.alfaterm.com.br\/#organization"},"potentialAction":[{"@type":"SearchAction","target":{"@type":"EntryPoint","urlTemplate":"https:\/\/www.alfaterm.com.br\/?s={search_term_string}"},"query-input":{"@type":"PropertyValueSpecification","valueRequired":true,"valueName":"search_term_string"}}],"inLanguage":"es"},{"@type":"Organization","@id":"https:\/\/www.alfaterm.com.br\/#organization","name":"Bem-vindo \u00e0 ALFATERM","url":"https:\/\/www.alfaterm.com.br\/","logo":{"@type":"ImageObject","inLanguage":"es","@id":"https:\/\/www.alfaterm.com.br\/#\/schema\/logo\/image\/","url":"https:\/\/www.alfaterm.com.br\/wp-content\/uploads\/2024\/07\/logo-alfaterm.png","contentUrl":"https:\/\/www.alfaterm.com.br\/wp-content\/uploads\/2024\/07\/logo-alfaterm.png","width":393,"height":45,"caption":"Bem-vindo \u00e0 ALFATERM"},"image":{"@id":"https:\/\/www.alfaterm.com.br\/#\/schema\/logo\/image\/"}}]}},"_links":{"self":[{"href":"https:\/\/www.alfaterm.com.br\/es\/wp-json\/wp\/v2\/pagina-interna\/674","targetHints":{"allow":["GET"]}}],"collection":[{"href":"https:\/\/www.alfaterm.com.br\/es\/wp-json\/wp\/v2\/pagina-interna"}],"about":[{"href":"https:\/\/www.alfaterm.com.br\/es\/wp-json\/wp\/v2\/types\/pagina-interna"}],"wp:featuredmedia":[{"embeddable":true,"href":"https:\/\/www.alfaterm.com.br\/es\/wp-json\/wp\/v2\/media\/607"}],"wp:attachment":[{"href":"https:\/\/www.alfaterm.com.br\/es\/wp-json\/wp\/v2\/media?parent=674"}],"wp:term":[{"taxonomy":"categoria-de-pagina","embeddable":true,"href":"https:\/\/www.alfaterm.com.br\/es\/wp-json\/wp\/v2\/categoria-de-pagina?post=674"}],"curies":[{"name":"wp","href":"https:\/\/api.w.org\/{rel}","templated":true}]}}

El montaje y la instalación de

<p>El montaje y la instalación de las torres de enfriamiento de agua que se llevan a cabo por un experimentado equipo de técnicos de la ALFATERM, que cuenta con toda la infraestructura necesaria para la ejecución de los servicios, mediante el uso de grúas y andamios, cuando contratados, así como el cuidado en el proceso de principio a fin.</p>



<p>En Este servicio se incluye en la definición de un lugar ventilado, lejos de otros aparatos que produzcan un exceso de calor, incluyendo la elección de una superficie plana y nivelada, para apoyar a la fuente de agua refrigerada, y llevando a cabo las conexiones hidráulicas del equipo, gracias a la alineación de los tubos y las conexiones y las conexiones eléctricas de los equipos de protección del motor a través de la adecuación de la variación de la tensión y de la frecuencia de acuerdo con la norma NBR 7094, además de la puesta en marcha y supervisión del montaje y puesta en origen el funcionamiento y la operación de manos libres.</p>



<p>Algunos de los modelos de las torres que se envían de la fábrica, totalmente montados y sin la necesidad de la prestación de servicios en el campo, es decir, es un plug-in el.</p>

<!-- This site is optimized with the Yoast SEO Premium plugin v23.4 (Yoast SEO v27.1.1) - https://yoast.com/product/yoast-seo-premium-wordpress/ -->
<title>Montagem e instalação - Bem-vindo à ALFATERM</title>
<meta name="robots" content="index, follow, max-snippet:-1, max-image-preview:large, max-video-preview:-1" />
<link rel="canonical" href="https://www.alfaterm.com.br/es/aplicacoes-e-servicos/montaje-e-instalacion/" />
<meta property="og:locale" content="es_ES" />
<meta property="og:type" content="article" />
<meta property="og:title" content="Montagem e instalação" />
<meta property="og:description" content="A montagem e instalação das torres de resfriamento de água são realizadas pela experiente equipe técnica da ALFATERM&nbsp;que dispõe de toda a infraestrutura necessária para a execução dos serviços, utilizando guindastes e andaimes quando contratados, e cuidando do processo de ponta a ponta. Este serviço inclui a definição de um local arejado, longe de outros [&hellip;]" />
<meta property="og:url" content="https://www.alfaterm.com.br/es/aplicacoes-e-servicos/montaje-e-instalacion/" />
<meta property="og:site_name" content="Bem-vindo à ALFATERM" />
<meta property="article:modified_time" content="2024-08-14T23:55:40+00:00" />
<meta property="og:image" content="https://www.alfaterm.com.br/wp-content/uploads/2024/08/montagem-e-instalacao-de-torres-de-resfriamento-de-agua.webp" />
	<meta property="og:image:width" content="1200" />
	<meta property="og:image:height" content="850" />
	<meta property="og:image:type" content="image/webp" />
<meta name="twitter:card" content="summary_large_image" />
<meta name="twitter:label1" content="Tiempo de lectura" />
	<meta name="twitter:data1" content="1 minuto" />
<script type="application/ld+json" class="yoast-schema-graph">{"@context":"https://schema.org","@graph":[{"@type":"WebPage","@id":"https://www.alfaterm.com.br/aplicacoes-e-servicos/montagem-e-instalacao/","url":"https://www.alfaterm.com.br/aplicacoes-e-servicos/montagem-e-instalacao/","name":"Montagem e instalação - Bem-vindo à ALFATERM","isPartOf":{"@id":"https://www.alfaterm.com.br/#website"},"primaryImageOfPage":{"@id":"https://www.alfaterm.com.br/aplicacoes-e-servicos/montagem-e-instalacao/#primaryimage"},"image":{"@id":"https://www.alfaterm.com.br/aplicacoes-e-servicos/montagem-e-instalacao/#primaryimage"},"thumbnailUrl":"https://www.alfaterm.com.br/wp-content/uploads/2024/08/montagem-e-instalacao-de-torres-de-resfriamento-de-agua.webp","datePublished":"2024-08-14T23:49:50+00:00","dateModified":"2024-08-14T23:55:40+00:00","breadcrumb":{"@id":"https://www.alfaterm.com.br/aplicacoes-e-servicos/montagem-e-instalacao/#breadcrumb"},"inLanguage":"es","potentialAction":[{"@type":"ReadAction","target":["https://www.alfaterm.com.br/aplicacoes-e-servicos/montagem-e-instalacao/"]}]},{"@type":"ImageObject","inLanguage":"es","@id":"https://www.alfaterm.com.br/aplicacoes-e-servicos/montagem-e-instalacao/#primaryimage","url":"https://www.alfaterm.com.br/wp-content/uploads/2024/08/montagem-e-instalacao-de-torres-de-resfriamento-de-agua.webp","contentUrl":"https://www.alfaterm.com.br/wp-content/uploads/2024/08/montagem-e-instalacao-de-torres-de-resfriamento-de-agua.webp","width":1200,"height":850},{"@type":"BreadcrumbList","@id":"https://www.alfaterm.com.br/aplicacoes-e-servicos/montagem-e-instalacao/#breadcrumb","itemListElement":[{"@type":"ListItem","position":1,"name":"Home","item":"https://www.alfaterm.com.br/"},{"@type":"ListItem","position":2,"name":"Montagem e instalação"}]},{"@type":"WebSite","@id":"https://www.alfaterm.com.br/#website","url":"https://www.alfaterm.com.br/","name":"Bem-vindo à ALFATERM","description":"","publisher":{"@id":"https://www.alfaterm.com.br/#organization"},"potentialAction":[{"@type":"SearchAction","target":{"@type":"EntryPoint","urlTemplate":"https://www.alfaterm.com.br/?s={search_term_string}"},"query-input":{"@type":"PropertyValueSpecification","valueRequired":true,"valueName":"search_term_string"}}],"inLanguage":"es"},{"@type":"Organization","@id":"https://www.alfaterm.com.br/#organization","name":"Bem-vindo à ALFATERM","url":"https://www.alfaterm.com.br/","logo":{"@type":"ImageObject","inLanguage":"es","@id":"https://www.alfaterm.com.br/#/schema/logo/image/","url":"https://www.alfaterm.com.br/wp-content/uploads/2024/07/logo-alfaterm.png","contentUrl":"https://www.alfaterm.com.br/wp-content/uploads/2024/07/logo-alfaterm.png","width":393,"height":45,"caption":"Bem-vindo à ALFATERM"},"image":{"@id":"https://www.alfaterm.com.br/#/schema/logo/image/"}}]}</script>
<!-- / Yoast SEO Premium plugin. -->

Montagem e instalação - Bem-vindo à ALFATERM

Montagem e instalação

A montagem e instalação das torres de resfriamento de água são realizadas pela experiente equipe técnica da ALFATERM&nbsp;que dispõe de toda a infraestrutura necessária para a execução dos serviços, utilizando guindastes e andaimes quando contratados, e cuidando do processo de ponta a ponta. Este serviço inclui a definição de um local arejado, longe de outros [&hellip;]

Bem-vindo à ALFATERM
