{"id":680,"date":"2024-08-14T20:59:22","date_gmt":"2024-08-14T23:59:22","guid":{"rendered":"https:\/\/www.alfaterm.com.br\/?post_type=pagina-interna&#038;p=680"},"modified":"2024-08-14T20:59:22","modified_gmt":"2024-08-14T23:59:22","slug":"aluguel-de-torres-de-resfriamento","status":"publish","type":"pagina-interna","link":"https:\/\/www.alfaterm.com.br\/en\/aplicacoes-e-servicos\/cooling-tower-rental\/","title":{"rendered":"Rental cooling towers"},"content":{"rendered":"<p>The rent of the cooling water, it is a service solely provided by the ALFATERM to meet the needs of our customers in situations that are either planned or an emergency. There are various sizes and models, to the towers of the arrangement for the lease, which guarantees the performance of, and variety of the prompt delivery, the best cost-benefit ratio in the market.<\/p>\n\n\n\n<p>The main advantages of the leasing of a cooling tower and water are linked to the possibility of using the equipment on a seasonal basis in specific, as determined by the customer and optimization of the use of the limited space on the floor; and an exemption from the costs of maintenance, as it&#039;s ALFATERM is responsible for the enforcement of any of the procedures in upgrading, testing, repair, and technical support.<\/p>\n\n\n\n<p>This is a turn-key solution, with the flexibility in the delivery, assembly and installation, which is ideal for shutdowns, or to cover deficiencies in the heat transfer, taking into account all the abilities, by means of the calculation of the scale, based on the volume of water in which the equipment will operate temperature: hot or cold as possible, and location to help you evaluate the TBU (Wet-Bulb Temperature and the altitude of the region.<\/p>","protected":false},"featured_media":611,"parent":0,"template":"","meta":{"_acf_changed":false},"categoria-de-pagina":[9],"class_list":["post-680","pagina-interna","type-pagina-interna","status-publish","has-post-thumbnail","hentry","categoria-de-pagina-servicos"],"acf":[],"yoast_head":"<!-- This site is optimized with the Yoast SEO Premium plugin v23.4 (Yoast SEO v27.1.1) - https:\/\/yoast.com\/product\/yoast-seo-premium-wordpress\/ -->\n<title>Aluguel de torres de resfriamento - Bem-vindo \u00e0 ALFATERM<\/title>\n<meta name=\"robots\" content=\"index, follow, max-snippet:-1, max-image-preview:large, max-video-preview:-1\" \/>\n<link rel=\"canonical\" href=\"https:\/\/www.alfaterm.com.br\/en\/aplicacoes-e-servicos\/cooling-tower-rental\/\" \/>\n<meta property=\"og:locale\" content=\"en_US\" \/>\n<meta property=\"og:type\" content=\"article\" \/>\n<meta property=\"og:title\" content=\"Aluguel de torres de resfriamento\" \/>\n<meta property=\"og:description\" content=\"O aluguel de torres de resfriamento de \u00e1gua \u00e9 um servi\u00e7o exclusivamente disponibilizado pela ALFATERM&nbsp;para suprir as necessidades dos clientes em situa\u00e7\u00f5es planejadas ou emergenciais.&nbsp;S\u00e3o diversos tamanhos e modelos de torres \u00e0 disposi\u00e7\u00e3o para loca\u00e7\u00e3o,&nbsp;com garantia de performance e variedade \u00e0 pronta-entrega, pelo melhor custo-benef\u00edcio do mercado. As principais vantagens no aluguel de uma torre [&hellip;]\" \/>\n<meta property=\"og:url\" content=\"https:\/\/www.alfaterm.com.br\/en\/aplicacoes-e-servicos\/cooling-tower-rental\/\" \/>\n<meta property=\"og:site_name\" content=\"Bem-vindo \u00e0 ALFATERM\" \/>\n<meta property=\"og:image\" content=\"https:\/\/www.alfaterm.com.br\/wp-content\/uploads\/2024\/08\/aluguel-de-torres-de-resfriamento-de-torres-de-resfriamento-de-agua.webp\" \/>\n\t<meta property=\"og:image:width\" content=\"1200\" \/>\n\t<meta property=\"og:image:height\" content=\"850\" \/>\n\t<meta property=\"og:image:type\" content=\"image\/webp\" \/>\n<meta name=\"twitter:card\" content=\"summary_large_image\" \/>\n<meta name=\"twitter:label1\" content=\"Est. reading time\" \/>\n\t<meta name=\"twitter:data1\" content=\"1 minute\" \/>\n<script type=\"application\/ld+json\" class=\"yoast-schema-graph\">{\"@context\":\"https:\/\/schema.org\",\"@graph\":[{\"@type\":\"WebPage\",\"@id\":\"https:\/\/www.alfaterm.com.br\/aplicacoes-e-servicos\/aluguel-de-torres-de-resfriamento\/\",\"url\":\"https:\/\/www.alfaterm.com.br\/aplicacoes-e-servicos\/aluguel-de-torres-de-resfriamento\/\",\"name\":\"Aluguel de torres de resfriamento - Bem-vindo \u00e0 ALFATERM\",\"isPartOf\":{\"@id\":\"https:\/\/www.alfaterm.com.br\/#website\"},\"primaryImageOfPage\":{\"@id\":\"https:\/\/www.alfaterm.com.br\/aplicacoes-e-servicos\/aluguel-de-torres-de-resfriamento\/#primaryimage\"},\"image\":{\"@id\":\"https:\/\/www.alfaterm.com.br\/aplicacoes-e-servicos\/aluguel-de-torres-de-resfriamento\/#primaryimage\"},\"thumbnailUrl\":\"https:\/\/www.alfaterm.com.br\/wp-content\/uploads\/2024\/08\/aluguel-de-torres-de-resfriamento-de-torres-de-resfriamento-de-agua.webp\",\"datePublished\":\"2024-08-14T23:59:22+00:00\",\"breadcrumb\":{\"@id\":\"https:\/\/www.alfaterm.com.br\/aplicacoes-e-servicos\/aluguel-de-torres-de-resfriamento\/#breadcrumb\"},\"inLanguage\":\"en-US\",\"potentialAction\":[{\"@type\":\"ReadAction\",\"target\":[\"https:\/\/www.alfaterm.com.br\/aplicacoes-e-servicos\/aluguel-de-torres-de-resfriamento\/\"]}]},{\"@type\":\"ImageObject\",\"inLanguage\":\"en-US\",\"@id\":\"https:\/\/www.alfaterm.com.br\/aplicacoes-e-servicos\/aluguel-de-torres-de-resfriamento\/#primaryimage\",\"url\":\"https:\/\/www.alfaterm.com.br\/wp-content\/uploads\/2024\/08\/aluguel-de-torres-de-resfriamento-de-torres-de-resfriamento-de-agua.webp\",\"contentUrl\":\"https:\/\/www.alfaterm.com.br\/wp-content\/uploads\/2024\/08\/aluguel-de-torres-de-resfriamento-de-torres-de-resfriamento-de-agua.webp\",\"width\":1200,\"height\":850},{\"@type\":\"BreadcrumbList\",\"@id\":\"https:\/\/www.alfaterm.com.br\/aplicacoes-e-servicos\/aluguel-de-torres-de-resfriamento\/#breadcrumb\",\"itemListElement\":[{\"@type\":\"ListItem\",\"position\":1,\"name\":\"Home\",\"item\":\"https:\/\/www.alfaterm.com.br\/\"},{\"@type\":\"ListItem\",\"position\":2,\"name\":\"Aluguel de torres de resfriamento\"}]},{\"@type\":\"WebSite\",\"@id\":\"https:\/\/www.alfaterm.com.br\/#website\",\"url\":\"https:\/\/www.alfaterm.com.br\/\",\"name\":\"Bem-vindo \u00e0 ALFATERM\",\"description\":\"\",\"publisher\":{\"@id\":\"https:\/\/www.alfaterm.com.br\/#organization\"},\"potentialAction\":[{\"@type\":\"SearchAction\",\"target\":{\"@type\":\"EntryPoint\",\"urlTemplate\":\"https:\/\/www.alfaterm.com.br\/?s={search_term_string}\"},\"query-input\":{\"@type\":\"PropertyValueSpecification\",\"valueRequired\":true,\"valueName\":\"search_term_string\"}}],\"inLanguage\":\"en-US\"},{\"@type\":\"Organization\",\"@id\":\"https:\/\/www.alfaterm.com.br\/#organization\",\"name\":\"Bem-vindo \u00e0 ALFATERM\",\"url\":\"https:\/\/www.alfaterm.com.br\/\",\"logo\":{\"@type\":\"ImageObject\",\"inLanguage\":\"en-US\",\"@id\":\"https:\/\/www.alfaterm.com.br\/#\/schema\/logo\/image\/\",\"url\":\"https:\/\/www.alfaterm.com.br\/wp-content\/uploads\/2024\/07\/logo-alfaterm.png\",\"contentUrl\":\"https:\/\/www.alfaterm.com.br\/wp-content\/uploads\/2024\/07\/logo-alfaterm.png\",\"width\":393,\"height\":45,\"caption\":\"Bem-vindo \u00e0 ALFATERM\"},\"image\":{\"@id\":\"https:\/\/www.alfaterm.com.br\/#\/schema\/logo\/image\/\"}}]}<\/script>\n<!-- \/ Yoast SEO Premium plugin. -->","yoast_head_json":{"title":"Aluguel de torres de resfriamento - Bem-vindo \u00e0 ALFATERM","robots":{"index":"index","follow":"follow","max-snippet":"max-snippet:-1","max-image-preview":"max-image-preview:large","max-video-preview":"max-video-preview:-1"},"canonical":"https:\/\/www.alfaterm.com.br\/en\/aplicacoes-e-servicos\/cooling-tower-rental\/","og_locale":"en_US","og_type":"article","og_title":"Aluguel de torres de resfriamento","og_description":"O aluguel de torres de resfriamento de \u00e1gua \u00e9 um servi\u00e7o exclusivamente disponibilizado pela ALFATERM&nbsp;para suprir as necessidades dos clientes em situa\u00e7\u00f5es planejadas ou emergenciais.&nbsp;S\u00e3o diversos tamanhos e modelos de torres \u00e0 disposi\u00e7\u00e3o para loca\u00e7\u00e3o,&nbsp;com garantia de performance e variedade \u00e0 pronta-entrega, pelo melhor custo-benef\u00edcio do mercado. As principais vantagens no aluguel de uma torre [&hellip;]","og_url":"https:\/\/www.alfaterm.com.br\/en\/aplicacoes-e-servicos\/cooling-tower-rental\/","og_site_name":"Bem-vindo \u00e0 ALFATERM","og_image":[{"width":1200,"height":850,"url":"https:\/\/www.alfaterm.com.br\/wp-content\/uploads\/2024\/08\/aluguel-de-torres-de-resfriamento-de-torres-de-resfriamento-de-agua.webp","type":"image\/webp"}],"twitter_card":"summary_large_image","twitter_misc":{"Est. reading time":"1 minute"},"schema":{"@context":"https:\/\/schema.org","@graph":[{"@type":"WebPage","@id":"https:\/\/www.alfaterm.com.br\/aplicacoes-e-servicos\/aluguel-de-torres-de-resfriamento\/","url":"https:\/\/www.alfaterm.com.br\/aplicacoes-e-servicos\/aluguel-de-torres-de-resfriamento\/","name":"Aluguel de torres de resfriamento - Bem-vindo \u00e0 ALFATERM","isPartOf":{"@id":"https:\/\/www.alfaterm.com.br\/#website"},"primaryImageOfPage":{"@id":"https:\/\/www.alfaterm.com.br\/aplicacoes-e-servicos\/aluguel-de-torres-de-resfriamento\/#primaryimage"},"image":{"@id":"https:\/\/www.alfaterm.com.br\/aplicacoes-e-servicos\/aluguel-de-torres-de-resfriamento\/#primaryimage"},"thumbnailUrl":"https:\/\/www.alfaterm.com.br\/wp-content\/uploads\/2024\/08\/aluguel-de-torres-de-resfriamento-de-torres-de-resfriamento-de-agua.webp","datePublished":"2024-08-14T23:59:22+00:00","breadcrumb":{"@id":"https:\/\/www.alfaterm.com.br\/aplicacoes-e-servicos\/aluguel-de-torres-de-resfriamento\/#breadcrumb"},"inLanguage":"en-US","potentialAction":[{"@type":"ReadAction","target":["https:\/\/www.alfaterm.com.br\/aplicacoes-e-servicos\/aluguel-de-torres-de-resfriamento\/"]}]},{"@type":"ImageObject","inLanguage":"en-US","@id":"https:\/\/www.alfaterm.com.br\/aplicacoes-e-servicos\/aluguel-de-torres-de-resfriamento\/#primaryimage","url":"https:\/\/www.alfaterm.com.br\/wp-content\/uploads\/2024\/08\/aluguel-de-torres-de-resfriamento-de-torres-de-resfriamento-de-agua.webp","contentUrl":"https:\/\/www.alfaterm.com.br\/wp-content\/uploads\/2024\/08\/aluguel-de-torres-de-resfriamento-de-torres-de-resfriamento-de-agua.webp","width":1200,"height":850},{"@type":"BreadcrumbList","@id":"https:\/\/www.alfaterm.com.br\/aplicacoes-e-servicos\/aluguel-de-torres-de-resfriamento\/#breadcrumb","itemListElement":[{"@type":"ListItem","position":1,"name":"Home","item":"https:\/\/www.alfaterm.com.br\/"},{"@type":"ListItem","position":2,"name":"Aluguel de torres de resfriamento"}]},{"@type":"WebSite","@id":"https:\/\/www.alfaterm.com.br\/#website","url":"https:\/\/www.alfaterm.com.br\/","name":"Bem-vindo \u00e0 ALFATERM","description":"","publisher":{"@id":"https:\/\/www.alfaterm.com.br\/#organization"},"potentialAction":[{"@type":"SearchAction","target":{"@type":"EntryPoint","urlTemplate":"https:\/\/www.alfaterm.com.br\/?s={search_term_string}"},"query-input":{"@type":"PropertyValueSpecification","valueRequired":true,"valueName":"search_term_string"}}],"inLanguage":"en-US"},{"@type":"Organization","@id":"https:\/\/www.alfaterm.com.br\/#organization","name":"Bem-vindo \u00e0 ALFATERM","url":"https:\/\/www.alfaterm.com.br\/","logo":{"@type":"ImageObject","inLanguage":"en-US","@id":"https:\/\/www.alfaterm.com.br\/#\/schema\/logo\/image\/","url":"https:\/\/www.alfaterm.com.br\/wp-content\/uploads\/2024\/07\/logo-alfaterm.png","contentUrl":"https:\/\/www.alfaterm.com.br\/wp-content\/uploads\/2024\/07\/logo-alfaterm.png","width":393,"height":45,"caption":"Bem-vindo \u00e0 ALFATERM"},"image":{"@id":"https:\/\/www.alfaterm.com.br\/#\/schema\/logo\/image\/"}}]}},"_links":{"self":[{"href":"https:\/\/www.alfaterm.com.br\/en\/wp-json\/wp\/v2\/pagina-interna\/680","targetHints":{"allow":["GET"]}}],"collection":[{"href":"https:\/\/www.alfaterm.com.br\/en\/wp-json\/wp\/v2\/pagina-interna"}],"about":[{"href":"https:\/\/www.alfaterm.com.br\/en\/wp-json\/wp\/v2\/types\/pagina-interna"}],"wp:featuredmedia":[{"embeddable":true,"href":"https:\/\/www.alfaterm.com.br\/en\/wp-json\/wp\/v2\/media\/611"}],"wp:attachment":[{"href":"https:\/\/www.alfaterm.com.br\/en\/wp-json\/wp\/v2\/media?parent=680"}],"wp:term":[{"taxonomy":"categoria-de-pagina","embeddable":true,"href":"https:\/\/www.alfaterm.com.br\/en\/wp-json\/wp\/v2\/categoria-de-pagina?post=680"}],"curies":[{"name":"wp","href":"https:\/\/api.w.org\/{rel}","templated":true}]}}

<!-- This site is optimized with the Yoast SEO Premium plugin v23.4 (Yoast SEO v27.1.1) - https://yoast.com/product/yoast-seo-premium-wordpress/ -->
<title>Aluguel de torres de resfriamento - Bem-vindo à ALFATERM</title>
<meta name="robots" content="index, follow, max-snippet:-1, max-image-preview:large, max-video-preview:-1" />
<link rel="canonical" href="https://www.alfaterm.com.br/en/aplicacoes-e-servicos/cooling-tower-rental/" />
<meta property="og:locale" content="en_US" />
<meta property="og:type" content="article" />
<meta property="og:title" content="Aluguel de torres de resfriamento" />
<meta property="og:description" content="O aluguel de torres de resfriamento de água é um serviço exclusivamente disponibilizado pela ALFATERM&nbsp;para suprir as necessidades dos clientes em situações planejadas ou emergenciais.&nbsp;São diversos tamanhos e modelos de torres à disposição para locação,&nbsp;com garantia de performance e variedade à pronta-entrega, pelo melhor custo-benefício do mercado. As principais vantagens no aluguel de uma torre [&hellip;]" />
<meta property="og:url" content="https://www.alfaterm.com.br/en/aplicacoes-e-servicos/cooling-tower-rental/" />
<meta property="og:site_name" content="Bem-vindo à ALFATERM" />
<meta property="og:image" content="https://www.alfaterm.com.br/wp-content/uploads/2024/08/aluguel-de-torres-de-resfriamento-de-torres-de-resfriamento-de-agua.webp" />
	<meta property="og:image:width" content="1200" />
	<meta property="og:image:height" content="850" />
	<meta property="og:image:type" content="image/webp" />
<meta name="twitter:card" content="summary_large_image" />
<meta name="twitter:label1" content="Est. reading time" />
	<meta name="twitter:data1" content="1 minute" />
<script type="application/ld+json" class="yoast-schema-graph">{"@context":"https://schema.org","@graph":[{"@type":"WebPage","@id":"https://www.alfaterm.com.br/aplicacoes-e-servicos/aluguel-de-torres-de-resfriamento/","url":"https://www.alfaterm.com.br/aplicacoes-e-servicos/aluguel-de-torres-de-resfriamento/","name":"Aluguel de torres de resfriamento - Bem-vindo à ALFATERM","isPartOf":{"@id":"https://www.alfaterm.com.br/#website"},"primaryImageOfPage":{"@id":"https://www.alfaterm.com.br/aplicacoes-e-servicos/aluguel-de-torres-de-resfriamento/#primaryimage"},"image":{"@id":"https://www.alfaterm.com.br/aplicacoes-e-servicos/aluguel-de-torres-de-resfriamento/#primaryimage"},"thumbnailUrl":"https://www.alfaterm.com.br/wp-content/uploads/2024/08/aluguel-de-torres-de-resfriamento-de-torres-de-resfriamento-de-agua.webp","datePublished":"2024-08-14T23:59:22+00:00","breadcrumb":{"@id":"https://www.alfaterm.com.br/aplicacoes-e-servicos/aluguel-de-torres-de-resfriamento/#breadcrumb"},"inLanguage":"en-US","potentialAction":[{"@type":"ReadAction","target":["https://www.alfaterm.com.br/aplicacoes-e-servicos/aluguel-de-torres-de-resfriamento/"]}]},{"@type":"ImageObject","inLanguage":"en-US","@id":"https://www.alfaterm.com.br/aplicacoes-e-servicos/aluguel-de-torres-de-resfriamento/#primaryimage","url":"https://www.alfaterm.com.br/wp-content/uploads/2024/08/aluguel-de-torres-de-resfriamento-de-torres-de-resfriamento-de-agua.webp","contentUrl":"https://www.alfaterm.com.br/wp-content/uploads/2024/08/aluguel-de-torres-de-resfriamento-de-torres-de-resfriamento-de-agua.webp","width":1200,"height":850},{"@type":"BreadcrumbList","@id":"https://www.alfaterm.com.br/aplicacoes-e-servicos/aluguel-de-torres-de-resfriamento/#breadcrumb","itemListElement":[{"@type":"ListItem","position":1,"name":"Home","item":"https://www.alfaterm.com.br/"},{"@type":"ListItem","position":2,"name":"Aluguel de torres de resfriamento"}]},{"@type":"WebSite","@id":"https://www.alfaterm.com.br/#website","url":"https://www.alfaterm.com.br/","name":"Bem-vindo à ALFATERM","description":"","publisher":{"@id":"https://www.alfaterm.com.br/#organization"},"potentialAction":[{"@type":"SearchAction","target":{"@type":"EntryPoint","urlTemplate":"https://www.alfaterm.com.br/?s={search_term_string}"},"query-input":{"@type":"PropertyValueSpecification","valueRequired":true,"valueName":"search_term_string"}}],"inLanguage":"en-US"},{"@type":"Organization","@id":"https://www.alfaterm.com.br/#organization","name":"Bem-vindo à ALFATERM","url":"https://www.alfaterm.com.br/","logo":{"@type":"ImageObject","inLanguage":"en-US","@id":"https://www.alfaterm.com.br/#/schema/logo/image/","url":"https://www.alfaterm.com.br/wp-content/uploads/2024/07/logo-alfaterm.png","contentUrl":"https://www.alfaterm.com.br/wp-content/uploads/2024/07/logo-alfaterm.png","width":393,"height":45,"caption":"Bem-vindo à ALFATERM"},"image":{"@id":"https://www.alfaterm.com.br/#/schema/logo/image/"}}]}</script>
<!-- / Yoast SEO Premium plugin. -->

Aluguel de torres de resfriamento - Bem-vindo à ALFATERM

O aluguel de torres de resfriamento de água é um serviço exclusivamente disponibilizado pela ALFATERM&nbsp;para suprir as necessidades dos clientes em situações planejadas ou emergenciais.&nbsp;São diversos tamanhos e modelos de torres à disposição para locação,&nbsp;com garantia de performance e variedade à pronta-entrega, pelo melhor custo-benefício do mercado. As principais vantagens no aluguel de uma torre [&hellip;]

Bem-vindo à ALFATERM
